 x*h + 11 - 44, 3*h + 48 = 4*g. What is the remainder when g is divided by 8?
7
Let f = 148 + -143. What is the remainder when 17 is divided by f?
2
Suppose 4*s = -4*j + 88, 0 = -2*j + 2*s + s + 49. Calculate the remainder when 68 is divided by j.
22
Let c = 10380 + -10289. Let i = 56 - 33. Calculate the remainder when c is divided by i.
22
Suppose -h = 24 - 108. Calculate the remainder when 249 is divided by h.
81
Suppose 4*w = 4*h - 914 + 82, h + 4*w = 223. Calculate the remainder when h is divided by 54.
49
Let l be ((-15)/(-2))/(11/22). Let a(c) = -17*c - c**2 + 29 + 2*c**2 - l. What is the remainder when a(17) is divided by 5?
4
Let h = -161 + 172. Calculate the remainder when 99 is divided by h.
0
Calculate the remainder when 299 is divided by 119/17 + (2 - (4 + -2)).
5
Suppose t = 6*t + 5*x - 10, -x + 14 = 4*t. Suppose t*h - i = 56, 0 = 5*h + 3*i - 0*i - 53. Let w = -7 + 57. Calculate the remainder when w is divided by h.
11
Suppose -16*m - 36*m + 2236 = 0. What is the remainder when 80 is divided by m?
37
Suppose 0 = -3*v + 89 + 7. What is the remainder when 126 is divided by v/10*70/28?
6
Suppose 5*i - 3*u = -5, 5*i - 5*u = -20 + 5. Suppose 296 + 2 = i*c. What is the remainder when c is divided by 38?
35
Suppose -j + 8 = -f - 14, 5*f - j = -106. Let p = 51 + f. What is the remainder when 119 is divided by p?
29
Let j = -67 - -72. Suppose -3*q + 84 = -5*y, 82 = 4*q - j*y - 25. Calculate the remainder when q is divided by 4.
3
Let j(y) = 2*y**2 + 48*y - 24. What is the remainder when 72/60*(-320)/(-3) is divided by j(-25)?
24
Suppose 0 = 4*o - 6*o + 64. Suppose 3*s + s - o = 0. Let d = s + -4. What is the remainder when d is divided by 3?
1
Suppose 3*a + 10 = -2*y - 14, -5*y - 35 = 5*a. What is the remainder when (-1)/(a/436) - (-18)/45 is divided by 12?
8
Let a(i) be the third derivative of i**5/15 + i**4/4 + 5*i**3/3 + 44*i**2. Calculate the remainder when 145 is divided by a(-4).
45
Suppose 6*i + 648 - 786 = 0. Calculate the remainder when 50 is divided by i.
4
Suppose -4*v - 3*s + 433 = 0, -154 = -2*v + 4*s + 68. Let g(m) = 3*m**2 + 4*m - 2. Calculate the remainder when v is divided by g(3).
35
Suppose -3*a + 90 = 5*h - 10, 5*a = 2*h - 71. Calculate the remainder when 176 is divided by h.
15
Let z(k) = 215*k + 1116. Suppose -l - l = v - 19, -l = -3*v + 29. What is the remainder when z(-5) is divided by v?
8
Let w = -1485 - -1617. Calculate the remainder when 511 is divided by w.
115
Calculate the remainder when 333 is divided by 12/(-3) + (-48)/(-3).
9
Let c be (1 + (-4)/6)*63. Let z = 26 - c. Suppose -z*i + b = -0*b - 78, 3*i = 3*b + 54. Calculate the remainder when i is divided by 9.
6
Suppose -25 = -2*h - 5*y, -h + 14 = -y - 9. Calculate the remainder when 89 is divided by h.
9
Let w(z) = -z**3 + 47*z**2 + 52*z - 188. Calculate the remainder when 69 is divided by w(48).
1
Let s be 530/(-30)*-1*3. Let a = -41 + s. What is the remainder when 81 is divided by a?
9
Suppose -1210 + 433 = -37*l. What is the remainder when 565 is divided by l?
19
Suppose -5*x + 4*n + 632 = 0, 2 - 389 = -3*x + 5*n. Let q = x - 111. What is the remainder when q is divided by 9?
4
Let h = 3 - -1. Suppose -h*y = 5 - 185. Calculate the remainder when y is divided by (-3)/1*23/(-3).
22
Suppose -b = -5*b + 8. Suppose 5*m = 10, 46 = 2*i + m - b. Let z(x) = 194*x - 733. Calculate the remainder when z(4) is divided by i.
20
Suppose 12*z - 65 = 19. Suppose 5*u + 2*t = u + 30, -2*t + 35 = 5*u. Calculate the remainder when z is divided by u.
2
Let y(h) = 37*h + 33. Calculate the remainder when y(5) is divided by 65.
23
Let s = 11 - 37. Calculate the remainder when 36 is divided by (s/6 - 0)*-3.
10
Let y = -10 - -493. Calculate the remainder when y is divided by 9.
6
Suppose 3*r + 6 = -3*w, 2*r + w - 8 = 3*w. Let l = 4 + r. Suppose 19 = l*b - 26. Calculate the remainder when b is divided by 5.
4
Let l = 89 + 36. What is the remainder when l is divided by 37?
14
Let t(w) = w**3 - 2*w**2 + w + 1. Let n be t(3). Suppose i = 58 + n. Calculate the remainder when i is divided by 15.
11
Let w = -69 + -8. Let c = 8 - w. What is the remainder when c is divided by 29?
27
Let a = -7 + 4. Let w(f) be the first derivative of -f**4/4 - 4*f**3/3 - 5*f**2/2 - 3*f - 36. What is the remainder when 11 is divided by w(a)?
2
Let p = 1526 - 1472. Calculate the remainder when 1402 is divided by p.
52
Suppose 0 = 3*v + 3*v - 30. Suppose v*m - z = 102, 83 + 16 = 5*m - 2*z. What is the remainder when 40 is divided by m?
19
Let z(v) = v**2 + 12*v - 3. Calculate the remainder when z(-15) is divided by 21.
0
What is the remainder when 194 is divided by (-991)/(-23) + (-24)/276?
22
Calculate the remainder when 81 is divided by (6/4)/(15/340).
13
Suppose -60 = -10*l + 1030. What is the remainder when l is divided by 40?
29
Let f be 56/6 + (-2)/(-3). Let j = 11 - f. Calculate the remainder when 25 is divided by 9/j + (8 - 10).
4
Suppose 5*t = 14*t - 729. Suppose -3*y + t = -120. What is the remainder when y is divided by 14?
11
Let l(w) = -w**3 + 9*w**2 - 9*w + 10. Let y be l(8). Suppose 4*r + 0*r = 4*z + 320, 0 = -3*r + y*z + 244. What is the remainder when r is divided by 29?
26
Let l be 4 + 70/15*9. Let t = 89 - l. Calculate the remainder when t is divided by 23.
20
Let f be 2/1 - -6 - -2. Let d = f - -5. Let x(s) = s**3 - 17*s**2 + 18*s - 24. Calculate the remainder when d is divided by x(16).
7
Suppose -3*u - 2*o + 2 = 0, 3*u - o = 2*o + 27. Let j = 6 + u. What is the remainder when 36 is divided by j?
6
Let k = 64 + -66. Calculate the remainder when 3*((-29)/(-3) + 1) is divided by (-69)/(-6) - k/(0 - 4).
10
Let h(t) = -t**3 + 10*t**2 - 13*t. What is the remainder when 222 is divided by h(5)?
42
Let d(k) = 6*k**2 + 2*k - 4. Let f be d(-2). Suppose 8*h = 4*h + 52. Let n = f - h. Calculate the remainder when 4 is divided by n.
1
Let j = 1437 - 1411. What is the remainder when 300 is divided by j?
14
Let u(k) = 8*k**2 - 26*k - 15. What is the remainder when 104 is divided by u(5)?
49
Let t = 25 + -13. Calculate the remainder when (-9)/t + 295/4 is divided by (-3654)/(-144) - 6/16.
23
Let a(t) = -2*t**2 + 49*t - 40. Suppose -6 = -4*o + 26. What is the remainder when a(23) is divided by o?
5
Suppose 460*q = 461*q - 38. Calculate the remainder when q is divided by 22.
16
What is the remainder when 284 is divided by (12/(-4) - 4/(-1))*19?
18
Suppose -2*v + 4*i = 3*v - 1916, -4*v - 5*i = -1541. Calculate the remainder when 33 is divided by 4/14 - (v/(-28) + -3).
16
Suppose -3*u + 0*u - 5*n + 23 = 0, -2*n + 11 = 3*u. Suppose -u + 3 = 2*a. Let j = 21 + a. Calculate the remainder when 64 is divided by j.
20
Let x be (-7)/(-9) - (-6)/27. Suppose -x = -3*q + 14. What is the remainder when 33 is divided by q?
3
Calculate the remainder when 101 is divided by (-6 - 0) + 8 + 27.
14
Let p = -52 + 75. Let g(o) = o**3 + 9*o**2 + 9*o + 9. Let y be g(-7). Calculate the remainder when (-10)/4*(8 - y) is divided by p.
21
Suppose 50 + 7 = 3*s. Let i = 34 + -31. Suppose -i*c = -13 - 8. What is the remainder when s is divided by c?
5
Let b = -264 + 285. Suppose 3*r = -5*p - 33, -3*r - r - 2 = 2*p. What is the remainder when b is divided by p/(-6)*(2 + 2)?
3
Let u be 11/(-22) - 191/(-2). Suppose 5*q + 2*k - u = -3*k, 5*q - 2*k = 60. Let v = -37 - -63. What is the remainder when v is divided by q?
12
Suppose 2*t + 50 = 4*t. Let f = 74 - t. Suppose 4*n = -5*r + 62 + 31, 0 = r - 5. Calculate the remainder when f is divided by n.
15
Let r be 23/(8/2*4/16). Suppose -4*j + 2*j = 3*q - 55, q - 4*j = r. Calculate the remainder when q is divided by 7.
5
Let y(h) = h**3 - h**2 - 2*h + 23. Let q = -49 + 49. Calculate the remainder when 90 is divided by y(q).
21
Suppose -3*r + 3 = -0*r. Let g(j) be the third derivative of 3*j**5/10 - j**4/8 + j**3/3 + 23*j**2. What is the remainder when 47 is divided by g(r)?
13
Let z(o) = 2*o**2 - 32*o + 3. Let h be z(16). Suppose -h*n = -2 - 121. What is the remainder when 78 is divided by n?
37
Let w be 1/(5/5) + 143. Suppose -6*u + w = -2*u. What is the remainder when u is divided by 13?
10
Let b(t) = t**3 + 18*t**2 - 55*t + 3. What is the remainder when b(-20) is divided by 76?
75
Suppose 0 = 3*v + 5*p - 97, -2*v + 43 = 9*p - 10*p. Calculate the remainder when v is divided by 5.
4
Suppose